{"id":13,"date":"2021-04-18T14:29:30","date_gmt":"2021-04-18T14:29:30","guid":{"rendered":"https:\/\/www.kfz-autokorrektur.de\/?page_id=13"},"modified":"2025-10-25T08:56:13","modified_gmt":"2025-10-25T08:56:13","slug":"partner","status":"publish","type":"page","link":"https:\/\/www.kfz-autokorrektur.de\/?page_id=13","title":{"rendered":"Partner"},"content":{"rendered":"<p><img decoding=\"async\" loading=\"lazy\" src=\"https:\/\/www.kfz-autokorrektur.de\/wp-content\/uploads\/2021\/04\/silver_reels_banner.png\" alt=\"\" width=\"1629\" height=\"481\" class=\"alignnone size-full wp-image-179\" srcset=\"https:\/\/www.kfz-autokorrektur.de\/wp-content\/uploads\/2021\/04\/silver_reels_banner.png 1629w, https:\/\/www.kfz-autokorrektur.de\/wp-content\/uploads\/2021\/04\/silver_reels_banner-300x89.png 300w, https:\/\/www.kfz-autokorrektur.de\/wp-content\/uploads\/2021\/04\/silver_reels_banner-1024x302.png 1024w, https:\/\/www.kfz-autokorrektur.de\/wp-content\/uploads\/2021\/04\/silver_reels_banner-768x227.png 768w, https:\/\/www.kfz-autokorrektur.de\/wp-content\/uploads\/2021\/04\/silver_reels_banner-1536x454.png 1536w\" sizes=\"(max-width: 1629px) 100vw, 1629px\" \/><br \/>\nUm in der heutigen Zeit kosteneffizient agieren zu k\u00f6nnen, konzentriert man sich zwangsl\u00e4ufig auf Kernkompetenzen. Um die F\u00fclle der Aufgaben unserer Kunden zeitlich sowie qualitativ gerecht zu werden, bilden unsere Partner und die KFZ-Autokorrektur zusammen, ein sehr gut verzweigtes Netzwerk.<\/p>\n<p>Wir empfehlen daher sehr gerne weiter: <\/p>\n<table>\n<tr>\n<th>Logo<\/th>\n<th>Firmenname<\/th>\n<th>Aufgabengebiet<\/th>\n<th>link<\/th>\n<\/tr>\n<tr>\n<td><img decoding=\"async\" loading=\"lazy\" src=\"https:\/\/www.kfz-autokorrektur.de\/wp-content\/uploads\/2024\/09\/GTUE-Logo_Logotraeger_RGB.png\" alt=\"\" width=\"135\" height=\"108\" class=\"alignnone size-full wp-image-195\" \/><\/td>\n<td>GT\u00dc<\/td>\n<td>HU &#038; AU<\/td>\n<td><a href=\"https:\/\/www.gtue.de\/\" target=\"_new\" title=\"https:\/\/www.gtue.de\/\" rel=\"noopener\">homepage<\/a><\/td>\n<\/tr>\n<tr>\n<td><img decoding=\"async\" loading=\"lazy\" src=\"https:\/\/www.kfz-autokorrektur.de\/wp-content\/uploads\/2021\/04\/kues.png\" alt=\"\" width=\"135\" height=\"108\" class=\"alignnone size-full wp-image-195\" \/><\/td>\n<td>K\u00dcS<\/td>\n<td>HU &#038; AU<\/td>\n<td><a href=\"https:\/\/www.kues.de\/\" target=\"_new\" title=\"www.kues.de\" rel=\"noopener\">homepage<\/a><\/td>\n<\/tr>\n<tr>\n<td><img decoding=\"async\" loading=\"lazy\" src=\"https:\/\/www.kfz-autokorrektur.de\/wp-content\/uploads\/2021\/04\/voudouris.png\" alt=\"\" width=\"135\" height=\"135\" class=\"alignnone size-full wp-image-188\" \/><\/td>\n<td>Voudouris<\/td>\n<td>Lack<\/td>\n<td><a href=\"https:\/\/www.voudouris-lackiererei.de\/\" target=\"_new\" title=\"https:\/\/www.voudouris-lackiererei.de\/\" rel=\"noopener\">homepage<\/a><\/td>\n<\/tr>\n<tr>\n<td><img decoding=\"async\" loading=\"lazy\" src=\"https:\/\/www.kfz-autokorrektur.de\/wp-content\/uploads\/2021\/04\/pv.png\" alt=\"\" width=\"135\" height=\"142\" class=\"alignnone size-full wp-image-187\" \/><\/td>\n<td>PV Automotive<\/td>\n<td>Ersatzteile<\/td>\n<td><a href=\"https:\/\/www.pvautomotive.de\/\" target=\"_new\" title=\"https:\/\/www.pvautomotive.de\/\" rel=\"noopener\">homepage<\/a><\/td>\n<\/tr>\n<tr>\n<td><img decoding=\"async\" loading=\"lazy\" src=\"https:\/\/www.kfz-autokorrektur.de\/wp-content\/uploads\/2021\/04\/wolf.png\" alt=\"\" width=\"135\" height=\"135\" class=\"alignnone size-full wp-image-189\" \/><\/td>\n<td>Reifen Wolf<\/td>\n<td>Reifen<\/td>\n<td><a href=\"https:\/\/reifen-wolf.de\/\" target=\"_new\" title=\"https:\/\/reifen-wolf.de\/\" rel=\"noopener\">homepage<\/a><\/td>\n<\/tr>\n<tr>\n<td><img decoding=\"async\" loading=\"lazy\" src=\"https:\/\/www.kfz-autokorrektur.de\/wp-content\/uploads\/2021\/04\/bft.png\" alt=\"\" width=\"135\" height=\"77\" class=\"alignnone size-full wp-image-184\" \/><\/td>\n<td>bft<\/td>\n<td>Treibstoffe<\/td>\n<td><a href=\"https:\/\/www.clever-tanken.de\/tankstelle_details\/31467\" target=\"_new\" title=\"https:\/\/www.clever-tanken.de\/tankstelle_details\/31467\" rel=\"noopener\">clever-tanken<\/a><\/td>\n<\/tr>\n<tr>\n<td><img decoding=\"async\" loading=\"lazy\" src=\"https:\/\/www.kfz-autokorrektur.de\/wp-content\/uploads\/2021\/04\/braken.png\" alt=\"\" width=\"135\" height=\"135\" class=\"alignnone size-full wp-image-185\" \/><\/td>\n<td>Michael Braken<\/td>\n<td>KFZ-Sachverst\u00e4ndiger<\/td>\n<td><a href=\"https:\/\/www.sv-braken.de\" target=\"_new\" title=\"https:\/\/www.sv-braken.de\" rel=\"noopener\">homepage<\/a><\/td>\n<\/tr>\n<tr>\n<td><img decoding=\"async\" loading=\"lazy\" src=\"https:\/\/www.kfz-autokorrektur.de\/wp-content\/uploads\/2021\/10\/image10.png\" alt=\"\" width=\"135\" height=\"135\" class=\"alignnone size-full wp-image-185\" \/><\/td>\n<td>AHW &#8211; Autohandel Wuppertal <\/td>\n<td>Gebrauchtwagen An- und Verkauf<\/td>\n<td><a href=\"https:\/\/autohandel-wuppertal.de\/\" target=\"_new\" title=\"https:\/\/autohandel-wuppertal.de\/\" rel=\"noopener\">homepage<\/a><\/td>\n<\/tr>\n<tr>\n<td><img decoding=\"async\" loading=\"lazy\" src=\"https:\/\/www.kfz-autokorrektur.de\/wp-content\/uploads\/2022\/08\/OGUZ.png\" alt=\"\" width=\"135\" height=\"135\" class=\"alignnone size-full wp-image-185\" \/><\/td>\n<td>R&#038;P Aufbereitung <\/td>\n<td>Reinigung und Aufbereitung<\/td>\n<td>NA<\/td>\n<\/tr>\n<tr>\n<td><img decoding=\"async\" loading=\"lazy\" src=\"https:\/\/www.kfz-autokorrektur.de\/wp-content\/uploads\/2021\/04\/underconst2.png\" alt=\"\" width=\"135\" height=\"135\" class=\"alignnone size-full wp-image-185\" \/><\/td>\n<td>Tankcenter Sonnborn<\/td>\n<td>Kraftstoffe<\/td>\n<td><a href=\"https:\/\/www.clever-tanken.de\/tankstelle_details\/187630\" target=\"_new\" title=\"https:\/\/www.clever-tanken.de\/tankstelle_details\/187630\" rel=\"noopener\">clever-tanken<\/a><\/td>\n<\/tr>\n<tr>\n<td><img decoding=\"async\" loading=\"lazy\" src=\"https:\/\/www.kfz-autokorrektur.de\/wp-content\/uploads\/2021\/04\/underconst2.png\" alt=\"\" width=\"135\" height=\"135\" class=\"alignnone size-full wp-image-185\" \/><\/td>\n<td>Car and Body Breeze<\/td>\n<td>D\u00fcfte<\/td>\n<td><a href=\"https:\/\/breeze-fragrance.de\/\"_new\" title=\"https:\/\/breeze-fragrance.de\/\" rel=\"noopener\">car breeze<\/a><\/td>\n<\/tr>\n<\/table>\n","protected":false},"excerpt":{"rendered":"<p>Um in der heutigen Zeit kosteneffizient agieren zu k\u00f6nnen, konzentriert man sich zwangsl\u00e4ufig auf Kernkompetenzen. Um die F\u00fclle der Aufgaben<\/p>\n<p><a href=\"https:\/\/www.kfz-autokorrektur.de\/?page_id=13\" class=\"more-link\">Continue reading<span class=\"screen-reader-text\">Partner<\/span><\/a><\/p>\n","protected":false},"author":2,"featured_media":0,"parent":0,"menu_order":0,"comment_status":"closed","ping_status":"closed","template":"templates\/full-width-page.php","meta":[],"_links":{"self":[{"href":"https:\/\/www.kfz-autokorrektur.de\/index.php?rest_route=\/wp\/v2\/pages\/13"}],"collection":[{"href":"https:\/\/www.kfz-autokorrektur.de\/index.php?rest_route=\/wp\/v2\/pages"}],"about":[{"href":"https:\/\/www.kfz-autokorrektur.de\/index.php?rest_route=\/wp\/v2\/types\/page"}],"author":[{"embeddable":true,"href":"https:\/\/www.kfz-autokorrektur.de\/index.php?rest_route=\/wp\/v2\/users\/2"}],"replies":[{"embeddable":true,"href":"https:\/\/www.kfz-autokorrektur.de\/index.php?rest_route=%2Fwp%2Fv2%2Fcomments&post=13"}],"version-history":[{"count":40,"href":"https:\/\/www.kfz-autokorrektur.de\/index.php?rest_route=\/wp\/v2\/pages\/13\/revisions"}],"predecessor-version":[{"id":537,"href":"https:\/\/www.kfz-autokorrektur.de\/index.php?rest_route=\/wp\/v2\/pages\/13\/revisions\/537"}],"wp:attachment":[{"href":"https:\/\/www.kfz-autokorrektur.de\/index.php?rest_route=%2Fwp%2Fv2%2Fmedia&parent=13"}],"curies":[{"name":"wp","href":"https:\/\/api.w.org\/{rel}","templated":true}]}}